 - 16*i**2. Give b(2).
17
Let g = 11 + -9. Let j be (-1 + 3)/g*13. Suppose j = 2*n + 3. Let m(u) = -u + 2. Calculate m(n).
-3
Let y(h) = -h**2 - 10*h - 9. Let u be (4/8)/(2/8). Suppose 4*g = 42 + u. Suppose -35 = 16*t - g*t. Give y(t).
12
Let t(n) = n - 1. Let x(r) = 5*r - 30. Let b(j) = -6*t(j) + x(j). Determine b(0).
-24
Suppose -38*z = -32*z - 24. Let t = 6 + -2. Let s(i) = -49 - t*i + i**2 + 54 - i. Determine s(z).
1
Let r = 1 + -6. Let f(j) = 9*j + 5 + 6*j + 5*j - 27*j + 8*j. What is f(r)?
0
Let b be 4/(-18) - 58/(-18). Let o(h) = h**3 - 2*h**2 - 3*h - 2. Let a be o(b). Let w(g) be the second derivative of -2*g**3/3 - 3*g**2/2 - 5341*g. Give w(a).
5
Let r(s) = -2*s**2 - 1. Let u(w) = w**3 - 3*w - 2. Let g be u(3). Let p = -14 + g. Let k = 1 - p. Calculate r(k).
-3
Let n(v) = -v**2 + 12*v - 11. Suppose 3*g + f - 28 = 0, 3*g - 7*g + 34 = 3*f. Determine n(g).
9
Let u(n) = n**3 + n**2 + 2*n + 3. Suppose 11*m + 0*m + 3*b = -15, 2*m + 4*b = -20. Determine u(m).
3
Suppose -3*u + 6 = -0. Suppose 0 = -u*k + 7*k + 5. Let o(r) = 18*r**2 - 2*r + 1. Let c(t) = -37*t**2 + 5*t - 3. Let q(m) = 2*c(m) + 5*o(m). Calculate q(k).
15
Let u = -41 + 44. Let g(y) = y**3 - 5*y**2 + 2*y + 1. What is g(u)?
-11
Suppose -41*s + 29*s + 48 = 0. Let c(d) = -4*d + 2. Calculate c(s).
-14
Suppose 0 = p + 5, 5*h - 75 = -37*p + 46*p. Let s(q) be the third derivative of q**6/120 - q**5/10 - q**4/24 + 4*q**3/3 - q**2. Calculate s(h).
2
Suppose -5*p - 2*p = -35. Let q(k) = 1 + 0 - 6*k + 2*k + p*k. Determine q(-6).
-5
Let g(q) = 3*q + 4*q - q**2 + 59 - 31 - 30. Give g(5).
8
Let k be 24/156 + (-628)/26. Let a = k - -56. Let r be ((-3)/(-4))/(12/a). Let y(q) = 8*q - 1. Give y(r).
15
Let n = 2325 - 2336. Let r(x) = x**3 + 11*x**2 - x + 3. Give r(n).
14
Let x(f) = -f**2 + 3*f + 1. Suppose 0 = n - 70 + 61. Suppose -6*d = -n*d + 15. Give x(d).
-9
Let r(l) be the third derivative of 0*l + 0*l**3 + 4*l**2 + 0 + 1/4*l**4 - 1/60*l**5. Let x be (3 - (3 + 0))/(-3) + 6. What is r(x)?
0
Let n(y) = 10*y**2 + 1. Let r(b) = -b**2 - 9*b + 11. Let w be r(-13). Let v = w + 42. Determine n(v).
11
Let r(y) = -y**2 - 8*y - 11. Let j be r(-3). Let g(o) = o**2 - 5*o + 2. Determine g(j).
-2
Let m(c) = -9*c + 8. Let t be m(-6). Let j = 57 - t. Let w(a) = -a**3 - 3*a**2 + 5*a - 2. What is w(j)?
23
Let f(i) be the second derivative of -i**3/6 + i. Suppose 5*c = 7023 - 7013. Determine f(c).
-2
Let b be (-6 + 5)*(-1 + 1/(-1)). Let m(h) = 161*h - 162*h + h**2 - 2*h**b + 19. What is m(0)?
19
Let v(n) = 45*n**3 + 7*n - 7. Let t = 37 - 30. Let c(u) = -30*u**3 - 5*u + 5. Let q(b) = t*c(b) + 5*v(b). Calculate q(1).
15
Let w(b) = -4*b - 80. Let s be w(-22). Suppose -54*n = -56*n - s. Let u(r) = r**3 + 5*r**2 - 5. Determine u(n).
11
Let t(c) = -c - 1. Let f be t(-4). Suppose -4*q + 5 = -f*q. Let y(l) = -2*l - q + 3*l + 0*l. What is y(0)?
-5
Suppose s + 2 = -0*s - 2*z, 0 = -z - 2. Let w(a) = a**3 - 3*a**2 + 3*a - 2. What is w(s)?
0
Let l(m) be the first derivative of -11 + 0*m + 0*m**2 + 7/3*m**3 - 1/120*m**5 + 1/24*m**4. Let y(v) be the third derivative of l(v). Determine y(-2).
3
Let t(z) = 9*z + 6. Let q(v) = 8*v + 15. Let y(g) = -9*g - 14. Let s(w) = 5*q(w) + 6*y(w). Let h(o) = 5*s(o) + 8*t(o). Calculate h(-6).
-9
Let v(r) = r**2 + 6*r - 9. Suppose 282 = 3*p + 87. Let f = p - 72. Calculate v(f).
-2
Let n(l) = l**2 + 16*l + 5. Let u = -820 - -813. Calculate n(u).
-58
Suppose 4*j + 2*a = -22, -5*j + 2*j = -4*a. Let u(m) = 2*m**2 - 5*m - 6. What is u(j)?
46
Let n(m) be the first derivative of -m**2/2 - 7*m + 122. Calculate n(-5).
-2
Let n(r) = -r - 12. Let f(q) = -q**2 + q. Let y be -1 + 3 - 6 - -5. Let x be f(y). Calculate n(x).
-12
Let o(t) = -265 - 3*t - 287 + 521. Determine o(-8).
-7
Let c(x) = 7*x**3 + 3*x**2 + 11*x + 13. Let d(m) = 5*m**3 + m**2 + 11*m + 12. Let i(b) = 3*c(b) - 4*d(b). Calculate i(-6).
21
Let t(n) = -16*n - 6*n - 9*n - 8 + 33*n. What is t(6)?
4
Let w(i) = 8 + 2*i**2 - 8. Suppose 5*v + 2*j = -2, 0 = -5*v + 37*j - 38*j - 6. Determine w(v).
8
Suppose 5*h - 13 = 2. Suppose -4 = -h*l + l. Let t(p) = -l - p + p - p. Calculate t(6).
-8
Let g(u) be the first derivative of u**3/3 - 13*u**2/2 + 2*u + 170. Calculate g(12).
-10
Let j(m) = -72*m - 1 - 6 + 75*m + 2. Let y(f) = -3*f + 4. Let z = 6 + -9. Let w(l) = z*y(l) - 2*j(l). What is w(3)?
7
Let y(r) be the first derivative of -r**7/840 + r**6/60 + r**5/120 - r**4/3 - 4*r**3 + 10. Let g(q) be the third derivative of y(q). Determine g(6).
-2
Let j(t) be the third derivative of t**6/120 + 2*t**5/15 + 5*t**4/24 - 13*t**3/6 + 115*t**2 + t. Calculate j(-7).
1
Suppose -12 = 5*v - 27. Let p(c) = -4 + c**v - 5*c**2 + 3 - 7*c + 8. Let k(o) = o + 6. Let w be k(0). Calculate p(w).
1
Let s(w) = 2*w - 3. Let b = -23 + -11. Let h(c) = 11*c - 18. Let g(j) = b*s(j) + 6*h(j). Give g(-6).
6
Let t(k) = k**2 - 10*k + 6. Suppose 0 = -4*i + 3*i + 2*p + 14, 0 = -5*p + 5. Suppose -2*n = 2*n - i. What is t(n)?
-18
Suppose 0 = 13*a - 10*a - 9. Let u(h) = -a*h + 5*h - h - 7*h - 1. Determine u(1).
-7
Suppose -5*i - 18 = -8*i. Let h(b) = -b + 8. Let n be h(0). Let w(u) = 5*u - 3 + i + u - n*u. Give w(2).
-1
Let o(k) = 3*k**2 + 11*k - 13*k**2 + 5*k**2 + 6*k**2 + 0 + 9. Let p(t) = 8*t. Let r be p(-1). Give o(r).
-15
Let k(u) = -109 - 4*u + 330 - 109 - 111. Let r(a) = -a. Let o be r(3). Determine k(o).
13
Let k(w) be the second derivative of w**5/20 - 7*w**4/12 + 7*w**3/6 + 5*w**2/2 - 12*w. Let m(h) = 1. Let l(i) = -k(i) + 3*m(i). What is l(6)?
-8
Let p(b) = b**3 - 5*b**2 + b + 3. Suppose 16*i - 26 - 22 = 0. Calculate p(i).
-12
Let c(y) = -2*y**3 - 10*y + 3*y**3 + 4*y**2 - 42 + 47. What is c(-6)?
-7
Let n be ((-1)/(-1))/((-24)/48). Suppose 0 = -4*g + 3*z + 12, 2*g - g = -4*z - 16. Let f(m) = g*m - 3*m + 2*m - 1 - 1 - m**2. What is f(n)?
-4
Let j be 24/(-5)*160/(-24). Suppose -2*a - 2*a = -3*s - j, a - 1 = -s. Let z(i) = -i - 1. Let n(w) = 2*w + 1. Let p(u) = n(u) + 5*z(u). Give p(s).
8
Suppose 0 = 108*b - 41*b - 335. Let u(t) be the second derivative of -t**3/6 + 7*t**2/2 - 2*t. What is u(b)?
2
Let x = -9790 + 9797. Let p(q) be the second derivative of q**3/6 - 4*q**2 + q. Calculate p(x).
-1
Let w(g) be the third derivative of g**5/60 + 5*g**4/24 + g**3/3 + g**2. Let a(i) = 54*i - 328. Let b be a(6). What is w(b)?
-2
Let u(i) = 2*i**2 - i. Let p(x) = 3. Let h(b) = p(b) - u(b). Give h(-3).
-18
Let f(g) = -g + 1. Let t(w) = w**3 - 35*w**2 - w + 14. Let l be t(35). Suppose -5*s + s - 2*k + 94 = 0, -41 = -2*s + k. Let z = s + l. Determine f(z).
0
Suppose -24 = -8*t - 32. Let j(h) be the second derivative of 5*h**3/3 + h**2/2 - 13*h. Calculate j(t).
-9
Let o = 223 + -226. Let l(t) = 3*t - 4. Determine l(o).
-13
Let y(p) = p**2 + 4*p - 3. Let c = -35 - -51. Suppose 4*k = j - c, -4*k + 2*j - 16 = -0*k. Determine y(k).
-3
Let n = 14 + -12. Let r be 44/10 - 2/5. Let k(q) = 3 + q - 2*q**n + q - r*q. Give k(-3).
-9
Let x(y) = 2*y - 1 + 4*y - 2*y - 5*y + 14*y**2. Give x(-1).
14
Let x(k) be the third derivative of k**8/6720 + k**7/1260 + k**6/720 + k**4/24 + 3*k**3 - 20*k**2. Let y(d) be the second derivative of x(d). Calculate y(-1).
0
Let f(r) = 61*r - 69*r**2 + 1 + 68*r**2 - 60*r. Determine f(4).
-11
Let c(r) be the first derivative of -r**3/3 - 7*r**2/2 + 5*r - 134. Determine c(-6).
11
Let f(c) = 2*c + 10. Suppose 123*i - 190 = 113*i. Let k(h) = 6*h**3 - 2*h + 1. Let p be k(1). Suppose -p*g - 16 = i. What is f(g)?
-4
Let n be ((-10)/3)/5*-3. Suppose -15 = -5*i + z, i + 2*z + n = -3*i. Let w = -2 - i. Let r(y) = y**2 + 2*y - 3. What is r(w)?
5
Let s(p) = -2*p**3 - p**2 - 1. Let t(w) = -6*w**3 - w**2 + w - 6. Let z(f) = 4*s(f) - t(f). Determine z(-2).
8
Let g(q) = q + 14. Let y(o) = o**3 - 2*o**2 - 8*o. Let s be y(4). Give g(s).
14
Let h(k) = -k**3 + k**2 + k + 1. Let f(t) = t**2 + 3*t. Let p be f(-3). Let s be h(p). Let c(m) = -12*m**3 + m**2 - m. Give c(s).
-12
Suppose 2*d - 18 + 10 = 0. Suppose 1 + 1 = -2*k. Let a(s) = s + 7. Let r(f) = -1. Let j(c) = k*a(c) - 6*r(c). Calculate j(d).
-5
Suppose -2 = 2*g + 4. Let a be ((-56)/g)/4*18. Let u be (-24)/a + 66/(-14). Let o(h) = -h**3 - 4*h**2 + 6*h + 4. Calculate o(u).
-1
Let h = 428 - 423. Suppose 3*p + 16 = 4*s, 0*s - s = p + 3. Let m(b) = 2*b + 0*b - 3*b + s. Determine m(h).
-4
Let w(f) = -14*f + 21. Let o(x) = -5*x + 7. Let y(h) = 11*o(h) -